{"version":"1.0","provider_name":"Nota Oficial","provider_url":"https:\/\/www.notaoficial.com\/s","author_name":"K","author_url":"https:\/\/www.notaoficial.com\/s\/author\/kalina\/","title":"Todo Cerati en el Centro Cultural BOD - Nota Oficial","type":"rich","width":600,"height":338,"html":"<blockquote class=\"wp-embedded-content\" data-secret=\"Q6uEXAmz1z\"><a href=\"https:\/\/www.notaoficial.com\/s\/2018\/07\/10\/todo-cerati-en-el-centro-cultural-bod\/\">Todo Cerati en el Centro Cultural BOD<\/a><\/blockquote><iframe sandbox=\"allow-scripts\" security=\"restricted\" src=\"https:\/\/www.notaoficial.com\/s\/2018\/07\/10\/todo-cerati-en-el-centro-cultural-bod\/embed\/#?secret=Q6uEXAmz1z\" width=\"600\" height=\"338\" title=\"\u00abTodo Cerati en el Centro Cultural BOD\u00bb \u2014 Nota Oficial\" data-secret=\"Q6uEXAmz1z\" frameborder=\"0\" marginwidth=\"0\" marginheight=\"0\" scrolling=\"no\" class=\"wp-embedded-content\"><\/iframe><script type=\"text\/javascript\">\n\/*! This file is auto-generated *\/\n!function(c,d){\"use strict\";var e=!1,o=!1;if(d.querySelector)if(c.addEventListener)e=!0;if(c.wp=c.wp||{},c.wp.receiveEmbedMessage);else if(c.wp.receiveEmbedMessage=function(e){var t=e.data;if(!t);else if(!(t.secret||t.message||t.value));else if(\/[^a-zA-Z0-9]\/.test(t.secret));else{for(var r,s,a,i=d.querySelectorAll('iframe[data-secret=\"'+t.secret+'\"]'),n=d.querySelectorAll('blockquote[data-secret=\"'+t.secret+'\"]'),o=new RegExp(\"^https?:$\",\"i\"),l=0;l<n.length;l++)n[l].style.display=\"none\";for(l=0;l<i.length;l++)if(r=i[l],e.source!==r.contentWindow);else{if(r.removeAttribute(\"style\"),\"height\"===t.message){if(1e3<(s=parseInt(t.value,10)))s=1e3;else if(~~s<200)s=200;r.height=s}if(\"link\"===t.message)if(s=d.createElement(\"a\"),a=d.createElement(\"a\"),s.href=r.getAttribute(\"src\"),a.href=t.value,!o.test(a.protocol));else if(a.host===s.host)if(d.activeElement===r)c.top.location.href=t.value}}},e)c.addEventListener(\"message\",c.wp.receiveEmbedMessage,!1),d.addEventListener(\"DOMContentLoaded\",t,!1),c.addEventListener(\"load\",t,!1);function t(){if(o);else{o=!0;for(var e,t,r,s=-1!==navigator.appVersion.indexOf(\"MSIE 10\"),a=!!navigator.userAgent.match(\/Trident.*rv:11\\.\/),i=d.querySelectorAll(\"iframe.wp-embedded-content\"),n=0;n<i.length;n++){if(!(r=(t=i[n]).getAttribute(\"data-secret\")))r=Math.random().toString(36).substr(2,10),t.src+=\"#?secret=\"+r,t.setAttribute(\"data-secret\",r);if(s||a)(e=t.cloneNode(!0)).removeAttribute(\"security\"),t.parentNode.replaceChild(e,t);t.contentWindow.postMessage({message:\"ready\",secret:r},\"*\")}}}}(window,document);\n<\/script>\n","thumbnail_url":"https:\/\/www.notaoficial.com\/s\/wp-content\/uploads\/2018\/07\/unnamed4.jpg","thumbnail_width":612,"thumbnail_height":310,"description":"Por primera vez en los escenarios del pa\u00eds, uno de los m\u00e1ximos tributos a la legendaria banda argentina Soda Stereo y a su l\u00edder Gustavo Cerati. Ser\u00e1 un viaje en el tiempo por la m\u00fasica de uno de los m\u00e1ximos exponentes del rock en espa\u00f1ol de todos los tiempos, que el pr\u00f3ximo s\u00e1bado 14 y [&hellip;]"}

Por primera vez en los escenarios del país, uno de los máximos tributos a la legendaria banda argentina Soda Stereo y a su líder Gustavo Cerati. Será un viaje en el tiempo por la música de uno de los máximos exponentes del rock en español de todos los tiempos, que el próximo sábado 14 y [&hellip;]
