{"version":"1.0","provider_name":"Nota Oficial","provider_url":"https:\/\/www.notaoficial.com\/s","author_name":"K","author_url":"https:\/\/www.notaoficial.com\/s\/author\/kalina\/","title":"Alianza Francesa exhibe hermosas fachadas coloniales - Nota Oficial","type":"rich","width":600,"height":338,"html":"<blockquote class=\"wp-embedded-content\" data-secret=\"Tm837A8UVt\"><a href=\"https:\/\/www.notaoficial.com\/s\/2018\/08\/07\/alianza-francesa-exhibe-hermosas-fachadas-coloniales\/\">Alianza Francesa exhibe hermosas fachadas coloniales<\/a><\/blockquote><iframe sandbox=\"allow-scripts\" security=\"restricted\" src=\"https:\/\/www.notaoficial.com\/s\/2018\/08\/07\/alianza-francesa-exhibe-hermosas-fachadas-coloniales\/embed\/#?secret=Tm837A8UVt\" width=\"600\" height=\"338\" title=\"\u00abAlianza Francesa exhibe hermosas fachadas coloniales\u00bb \u2014 Nota Oficial\" data-secret=\"Tm837A8UVt\" frameborder=\"0\" marginwidth=\"0\" marginheight=\"0\" scrolling=\"no\" class=\"wp-embedded-content\"><\/iframe><script type=\"text\/javascript\">\n\/*! This file is auto-generated *\/\n!function(c,d){\"use strict\";var e=!1,o=!1;if(d.querySelector)if(c.addEventListener)e=!0;if(c.wp=c.wp||{},c.wp.receiveEmbedMessage);else if(c.wp.receiveEmbedMessage=function(e){var t=e.data;if(!t);else if(!(t.secret||t.message||t.value));else if(\/[^a-zA-Z0-9]\/.test(t.secret));else{for(var r,s,a,i=d.querySelectorAll('iframe[data-secret=\"'+t.secret+'\"]'),n=d.querySelectorAll('blockquote[data-secret=\"'+t.secret+'\"]'),o=new RegExp(\"^https?:$\",\"i\"),l=0;l<n.length;l++)n[l].style.display=\"none\";for(l=0;l<i.length;l++)if(r=i[l],e.source!==r.contentWindow);else{if(r.removeAttribute(\"style\"),\"height\"===t.message){if(1e3<(s=parseInt(t.value,10)))s=1e3;else if(~~s<200)s=200;r.height=s}if(\"link\"===t.message)if(s=d.createElement(\"a\"),a=d.createElement(\"a\"),s.href=r.getAttribute(\"src\"),a.href=t.value,!o.test(a.protocol));else if(a.host===s.host)if(d.activeElement===r)c.top.location.href=t.value}}},e)c.addEventListener(\"message\",c.wp.receiveEmbedMessage,!1),d.addEventListener(\"DOMContentLoaded\",t,!1),c.addEventListener(\"load\",t,!1);function t(){if(o);else{o=!0;for(var e,t,r,s=-1!==navigator.appVersion.indexOf(\"MSIE 10\"),a=!!navigator.userAgent.match(\/Trident.*rv:11\\.\/),i=d.querySelectorAll(\"iframe.wp-embedded-content\"),n=0;n<i.length;n++){if(!(r=(t=i[n]).getAttribute(\"data-secret\")))r=Math.random().toString(36).substr(2,10),t.src+=\"#?secret=\"+r,t.setAttribute(\"data-secret\",r);if(s||a)(e=t.cloneNode(!0)).removeAttribute(\"security\"),t.parentNode.replaceChild(e,t);t.contentWindow.postMessage({message:\"ready\",secret:r},\"*\")}}}}(window,document);\n<\/script>\n","thumbnail_url":"https:\/\/www.notaoficial.com\/s\/wp-content\/uploads\/2018\/08\/FACHADAS-ALIANZA-FRANCESA.jpg","thumbnail_width":1200,"thumbnail_height":926,"description":"Inspirada en las hermosas fachadas y corro\u00eddos ventanales de las casas coloniales venezolanas que se niegan a desaparecer, la artista Karina M\u00e9ndez expone en la sede de la Alianza Francesa de La Tahona, su obra pict\u00f3rica \u201cDesde mi ventana\u201d, una recopilaci\u00f3n de los todos los viajes que ha hecho alrededor del pa\u00eds. Esta exposici\u00f3n se [&hellip;]"}

Inspirada en las hermosas fachadas y corroídos ventanales de las casas coloniales venezolanas que se niegan a desaparecer, la artista Karina Méndez expone en la sede de la Alianza Francesa de La Tahona, su obra pictórica “Desde mi ventana”, una recopilación de los todos los viajes que ha hecho alrededor del país. Esta exposición se [&hellip;]
