{"version":"1.0","provider_name":"Nota Oficial","provider_url":"https:\/\/www.notaoficial.com\/s","author_name":"K","author_url":"https:\/\/www.notaoficial.com\/s\/author\/kalina\/","title":"Baile y diversi\u00f3n con fuego gitano - Nota Oficial","type":"rich","width":600,"height":338,"html":"<blockquote class=\"wp-embedded-content\" data-secret=\"wig9J80XUe\"><a href=\"https:\/\/www.notaoficial.com\/s\/2018\/08\/09\/baile-y-diversion-con-fuego-gitano\/\">Baile y diversi\u00f3n con fuego gitano<\/a><\/blockquote><iframe sandbox=\"allow-scripts\" security=\"restricted\" src=\"https:\/\/www.notaoficial.com\/s\/2018\/08\/09\/baile-y-diversion-con-fuego-gitano\/embed\/#?secret=wig9J80XUe\" width=\"600\" height=\"338\" title=\"\u00abBaile y diversi\u00f3n con fuego gitano\u00bb \u2014 Nota Oficial\" data-secret=\"wig9J80XUe\" frameborder=\"0\" marginwidth=\"0\" marginheight=\"0\" scrolling=\"no\" class=\"wp-embedded-content\"><\/iframe><script type=\"text\/javascript\">\n\/*! This file is auto-generated *\/\n!function(c,d){\"use strict\";var e=!1,o=!1;if(d.querySelector)if(c.addEventListener)e=!0;if(c.wp=c.wp||{},c.wp.receiveEmbedMessage);else if(c.wp.receiveEmbedMessage=function(e){var t=e.data;if(!t);else if(!(t.secret||t.message||t.value));else if(\/[^a-zA-Z0-9]\/.test(t.secret));else{for(var r,s,a,i=d.querySelectorAll('iframe[data-secret=\"'+t.secret+'\"]'),n=d.querySelectorAll('blockquote[data-secret=\"'+t.secret+'\"]'),o=new RegExp(\"^https?:$\",\"i\"),l=0;l<n.length;l++)n[l].style.display=\"none\";for(l=0;l<i.length;l++)if(r=i[l],e.source!==r.contentWindow);else{if(r.removeAttribute(\"style\"),\"height\"===t.message){if(1e3<(s=parseInt(t.value,10)))s=1e3;else if(~~s<200)s=200;r.height=s}if(\"link\"===t.message)if(s=d.createElement(\"a\"),a=d.createElement(\"a\"),s.href=r.getAttribute(\"src\"),a.href=t.value,!o.test(a.protocol));else if(a.host===s.host)if(d.activeElement===r)c.top.location.href=t.value}}},e)c.addEventListener(\"message\",c.wp.receiveEmbedMessage,!1),d.addEventListener(\"DOMContentLoaded\",t,!1),c.addEventListener(\"load\",t,!1);function t(){if(o);else{o=!0;for(var e,t,r,s=-1!==navigator.appVersion.indexOf(\"MSIE 10\"),a=!!navigator.userAgent.match(\/Trident.*rv:11\\.\/),i=d.querySelectorAll(\"iframe.wp-embedded-content\"),n=0;n<i.length;n++){if(!(r=(t=i[n]).getAttribute(\"data-secret\")))r=Math.random().toString(36).substr(2,10),t.src+=\"#?secret=\"+r,t.setAttribute(\"data-secret\",r);if(s||a)(e=t.cloneNode(!0)).removeAttribute(\"security\"),t.parentNode.replaceChild(e,t);t.contentWindow.postMessage({message:\"ready\",secret:r},\"*\")}}}}(window,document);\n<\/script>\n","thumbnail_url":"https:\/\/www.notaoficial.com\/s\/wp-content\/uploads\/2018\/08\/IMG-20180808-WA0027.jpg","thumbnail_width":1023,"thumbnail_height":749,"description":"La Academia de Flamenco Fuego Gitano est\u00e1 ofreciendo su acostumbrado Plan Vacacional para las consentidas de la casa, seg\u00fan inform\u00f3 Macarena Guti\u00e9rrez, profesora de la referida academia, al agregar que el mismo incluye clases de baile (Flamenco, Danza \u00c1rabe, Hip Hop y Danza), adem\u00e1s de actividades educativas y recreativas. Las ni\u00f1as disfrutar\u00e1n mientras aprenden jugando [&hellip;]"}

Baile y diversión con fuego gitano - Nota Oficial

<blockquote class="wp-embedded-content" data-secret="wig9J80XUe"><a href="https://www.notaoficial.com/s/2018/08/09/baile-y-diversion-con-fuego-gitano/">Baile y diversión con fuego gitano</a></blockquote><iframe sandbox="allow-scripts" security="restricted" src="https://www.notaoficial.com/s/2018/08/09/baile-y-diversion-con-fuego-gitano/embed/#?secret=wig9J80XUe" width="600" height="338" title="«Baile y diversión con fuego gitano» — Nota Oficial" data-secret="wig9J80XUe" frameborder="0" marginwidth="0" marginheight="0" scrolling="no" class="wp-embedded-content"></iframe><script type="text/javascript">
/*! This file is auto-generated */
!function(c,d){"use strict";var e=!1,o=!1;if(d.querySelector)if(c.addEventListener)e=!0;if(c.wp=c.wp||{},c.wp.receiveEmbedMessage);else if(c.wp.receiveEmbedMessage=function(e){var t=e.data;if(!t);else if(!(t.secret||t.message||t.value));else if(/[^a-zA-Z0-9]/.test(t.secret));else{for(var r,s,a,i=d.querySelectorAll('iframe[data-secret="'+t.secret+'"]'),n=d.querySelectorAll('blockquote[data-secret="'+t.secret+'"]'),o=new RegExp("^https?:$","i"),l=0;l<n.length;l++)n[l].style.display="none";for(l=0;l<i.length;l++)if(r=i[l],e.source!==r.contentWindow);else{if(r.removeAttribute("style"),"height"===t.message){if(1e3<(s=parseInt(t.value,10)))s=1e3;else if(~~s<200)s=200;r.height=s}if("link"===t.message)if(s=d.createElement("a"),a=d.createElement("a"),s.href=r.getAttribute("src"),a.href=t.value,!o.test(a.protocol));else if(a.host===s.host)if(d.activeElement===r)c.top.location.href=t.value}}},e)c.addEventListener("message",c.wp.receiveEmbedMessage,!1),d.addEventListener("DOMContentLoaded",t,!1),c.addEventListener("load",t,!1);function t(){if(o);else{o=!0;for(var e,t,r,s=-1!==navigator.appVersion.indexOf("MSIE 10"),a=!!navigator.userAgent.match(/Trident.*rv:11\./),i=d.querySelectorAll("iframe.wp-embedded-content"),n=0;n<i.length;n++){if(!(r=(t=i[n]).getAttribute("data-secret")))r=Math.random().toString(36).substr(2,10),t.src+="#?secret="+r,t.setAttribute("data-secret",r);if(s||a)(e=t.cloneNode(!0)).removeAttribute("security"),t.parentNode.replaceChild(e,t);t.contentWindow.postMessage({message:"ready",secret:r},"*")}}}}(window,document);
</script>

La Academia de Flamenco Fuego Gitano está ofreciendo su acostumbrado Plan Vacacional para las consentidas de la casa, según informó Macarena Gutiérrez, profesora de la referida academia, al agregar que el mismo incluye clases de baile (Flamenco, Danza Árabe, Hip Hop y Danza), además de actividades educativas y recreativas. Las niñas disfrutarán mientras aprenden jugando [&hellip;]
