{"version":"1.0","provider_name":"Nota Oficial","provider_url":"https:\/\/www.notaoficial.com\/s","author_name":"K","author_url":"https:\/\/www.notaoficial.com\/s\/author\/kalina\/","title":"Expande tus sentidos en el Margarita Yoga Fest - Nota Oficial","type":"rich","width":600,"height":338,"html":"<blockquote class=\"wp-embedded-content\" data-secret=\"yEDJLV6o5L\"><a href=\"https:\/\/www.notaoficial.com\/s\/2018\/08\/25\/expande-tus-sentidos-en-el-margarita-yoga-fest\/\">Expande tus sentidos en el Margarita Yoga Fest<\/a><\/blockquote><iframe sandbox=\"allow-scripts\" security=\"restricted\" src=\"https:\/\/www.notaoficial.com\/s\/2018\/08\/25\/expande-tus-sentidos-en-el-margarita-yoga-fest\/embed\/#?secret=yEDJLV6o5L\" width=\"600\" height=\"338\" title=\"\u00abExpande tus sentidos en el Margarita Yoga Fest\u00bb \u2014 Nota Oficial\" data-secret=\"yEDJLV6o5L\" frameborder=\"0\" marginwidth=\"0\" marginheight=\"0\" scrolling=\"no\" class=\"wp-embedded-content\"><\/iframe><script type=\"text\/javascript\">\n\/*! This file is auto-generated *\/\n!function(c,d){\"use strict\";var e=!1,o=!1;if(d.querySelector)if(c.addEventListener)e=!0;if(c.wp=c.wp||{},c.wp.receiveEmbedMessage);else if(c.wp.receiveEmbedMessage=function(e){var t=e.data;if(!t);else if(!(t.secret||t.message||t.value));else if(\/[^a-zA-Z0-9]\/.test(t.secret));else{for(var r,s,a,i=d.querySelectorAll('iframe[data-secret=\"'+t.secret+'\"]'),n=d.querySelectorAll('blockquote[data-secret=\"'+t.secret+'\"]'),o=new RegExp(\"^https?:$\",\"i\"),l=0;l<n.length;l++)n[l].style.display=\"none\";for(l=0;l<i.length;l++)if(r=i[l],e.source!==r.contentWindow);else{if(r.removeAttribute(\"style\"),\"height\"===t.message){if(1e3<(s=parseInt(t.value,10)))s=1e3;else if(~~s<200)s=200;r.height=s}if(\"link\"===t.message)if(s=d.createElement(\"a\"),a=d.createElement(\"a\"),s.href=r.getAttribute(\"src\"),a.href=t.value,!o.test(a.protocol));else if(a.host===s.host)if(d.activeElement===r)c.top.location.href=t.value}}},e)c.addEventListener(\"message\",c.wp.receiveEmbedMessage,!1),d.addEventListener(\"DOMContentLoaded\",t,!1),c.addEventListener(\"load\",t,!1);function t(){if(o);else{o=!0;for(var e,t,r,s=-1!==navigator.appVersion.indexOf(\"MSIE 10\"),a=!!navigator.userAgent.match(\/Trident.*rv:11\\.\/),i=d.querySelectorAll(\"iframe.wp-embedded-content\"),n=0;n<i.length;n++){if(!(r=(t=i[n]).getAttribute(\"data-secret\")))r=Math.random().toString(36).substr(2,10),t.src+=\"#?secret=\"+r,t.setAttribute(\"data-secret\",r);if(s||a)(e=t.cloneNode(!0)).removeAttribute(\"security\"),t.parentNode.replaceChild(e,t);t.contentWindow.postMessage({message:\"ready\",secret:r},\"*\")}}}}(window,document);\n<\/script>\n","thumbnail_url":"https:\/\/www.notaoficial.com\/s\/wp-content\/uploads\/2018\/08\/RAY-VILORIA-.jpeg","thumbnail_width":1080,"thumbnail_height":810,"description":"El pr\u00f3ximo 1 y 2 de septiembre, diferentes exponentes del Yoga en Venezuela se dar\u00e1n cita en la isla de Margarita para celebrar la primera edici\u00f3n del Margarita Yoga Fest. Una propuesta \u00fanica que traer\u00e1 lo mejor del Yoga en solo dos d\u00edas, para brindar a sus participantes, la oportunidad de vivir una experiencia cargada [&hellip;]"}

El próximo 1 y 2 de septiembre, diferentes exponentes del Yoga en Venezuela se darán cita en la isla de Margarita para celebrar la primera edición del Margarita Yoga Fest. Una propuesta única que traerá lo mejor del Yoga en solo dos días, para brindar a sus participantes, la oportunidad de vivir una experiencia cargada [&hellip;]
