{"version":"1.0","provider_name":"Nota Oficial","provider_url":"https:\/\/www.notaoficial.com\/s","author_name":"K","author_url":"https:\/\/www.notaoficial.com\/s\/author\/kalina\/","title":"Oppenheimer Presenta charla con el Presidente de Colombia - Nota Oficial","type":"rich","width":600,"height":338,"html":"<blockquote class=\"wp-embedded-content\" data-secret=\"Oatsv9VuS1\"><a href=\"https:\/\/www.notaoficial.com\/s\/2018\/10\/25\/oppenheimer-presenta-charla-con-el-presidente-de-colombia\/\">Oppenheimer Presenta charla con el Presidente de Colombia<\/a><\/blockquote><iframe sandbox=\"allow-scripts\" security=\"restricted\" src=\"https:\/\/www.notaoficial.com\/s\/2018\/10\/25\/oppenheimer-presenta-charla-con-el-presidente-de-colombia\/embed\/#?secret=Oatsv9VuS1\" width=\"600\" height=\"338\" title=\"\u00abOppenheimer Presenta charla con el Presidente de Colombia\u00bb \u2014 Nota Oficial\" data-secret=\"Oatsv9VuS1\" frameborder=\"0\" marginwidth=\"0\" marginheight=\"0\" scrolling=\"no\" class=\"wp-embedded-content\"><\/iframe><script type=\"text\/javascript\">\n\/*! This file is auto-generated *\/\n!function(c,d){\"use strict\";var e=!1,o=!1;if(d.querySelector)if(c.addEventListener)e=!0;if(c.wp=c.wp||{},c.wp.receiveEmbedMessage);else if(c.wp.receiveEmbedMessage=function(e){var t=e.data;if(!t);else if(!(t.secret||t.message||t.value));else if(\/[^a-zA-Z0-9]\/.test(t.secret));else{for(var r,s,a,i=d.querySelectorAll('iframe[data-secret=\"'+t.secret+'\"]'),n=d.querySelectorAll('blockquote[data-secret=\"'+t.secret+'\"]'),o=new RegExp(\"^https?:$\",\"i\"),l=0;l<n.length;l++)n[l].style.display=\"none\";for(l=0;l<i.length;l++)if(r=i[l],e.source!==r.contentWindow);else{if(r.removeAttribute(\"style\"),\"height\"===t.message){if(1e3<(s=parseInt(t.value,10)))s=1e3;else if(~~s<200)s=200;r.height=s}if(\"link\"===t.message)if(s=d.createElement(\"a\"),a=d.createElement(\"a\"),s.href=r.getAttribute(\"src\"),a.href=t.value,!o.test(a.protocol));else if(a.host===s.host)if(d.activeElement===r)c.top.location.href=t.value}}},e)c.addEventListener(\"message\",c.wp.receiveEmbedMessage,!1),d.addEventListener(\"DOMContentLoaded\",t,!1),c.addEventListener(\"load\",t,!1);function t(){if(o);else{o=!0;for(var e,t,r,s=-1!==navigator.appVersion.indexOf(\"MSIE 10\"),a=!!navigator.userAgent.match(\/Trident.*rv:11\\.\/),i=d.querySelectorAll(\"iframe.wp-embedded-content\"),n=0;n<i.length;n++){if(!(r=(t=i[n]).getAttribute(\"data-secret\")))r=Math.random().toString(36).substr(2,10),t.src+=\"#?secret=\"+r,t.setAttribute(\"data-secret\",r);if(s||a)(e=t.cloneNode(!0)).removeAttribute(\"security\"),t.parentNode.replaceChild(e,t);t.contentWindow.postMessage({message:\"ready\",secret:r},\"*\")}}}}(window,document);\n<\/script>\n","thumbnail_url":"https:\/\/www.notaoficial.com\/s\/wp-content\/uploads\/2018\/10\/unnamed47.jpg","thumbnail_width":1266,"thumbnail_height":682,"description":"Este domingo 21 de octubre a las 8:00 p.m. (Miami\/Caracas), CNN en Espa\u00f1ol presentar\u00e1 una nueva emisi\u00f3n del programa Oppenheimer Presenta donde el reconocido periodista entrevistar\u00e1 al Presidente colombiano Iv\u00e1n Duque, quien en esta oportunidad conversar\u00e1 csobre la crisis en Venezuela y su posici\u00f3n frente al discurso pol\u00edtico de este pa\u00eds. El abogado, ex senador [&hellip;]"}

Este domingo 21 de octubre a las 8:00 p.m. (Miami/Caracas), CNN en Español presentará una nueva emisión del programa Oppenheimer Presenta donde el reconocido periodista entrevistará al Presidente colombiano Iván Duque, quien en esta oportunidad conversará csobre la crisis en Venezuela y su posición frente al discurso político de este país. El abogado, ex senador [&hellip;]
