{"version":"1.0","provider_name":"Nota Oficial","provider_url":"https:\/\/www.notaoficial.com\/s","author_name":"K","author_url":"https:\/\/www.notaoficial.com\/s\/author\/kalina\/","title":"Vicky Gastelo arranca 2019 con un estreno - Nota Oficial","type":"rich","width":600,"height":338,"html":"<blockquote class=\"wp-embedded-content\" data-secret=\"C8nitKIMPk\"><a href=\"https:\/\/www.notaoficial.com\/s\/2019\/01\/30\/vicky-gastelo-arranca-2019-con-un-estreno\/\">Vicky Gastelo arranca 2019 con un estreno<\/a><\/blockquote><iframe sandbox=\"allow-scripts\" security=\"restricted\" src=\"https:\/\/www.notaoficial.com\/s\/2019\/01\/30\/vicky-gastelo-arranca-2019-con-un-estreno\/embed\/#?secret=C8nitKIMPk\" width=\"600\" height=\"338\" title=\"\u00abVicky Gastelo arranca 2019 con un estreno\u00bb \u2014 Nota Oficial\" data-secret=\"C8nitKIMPk\" frameborder=\"0\" marginwidth=\"0\" marginheight=\"0\" scrolling=\"no\" class=\"wp-embedded-content\"><\/iframe><script type=\"text\/javascript\">\n\/*! This file is auto-generated *\/\n!function(c,d){\"use strict\";var e=!1,o=!1;if(d.querySelector)if(c.addEventListener)e=!0;if(c.wp=c.wp||{},c.wp.receiveEmbedMessage);else if(c.wp.receiveEmbedMessage=function(e){var t=e.data;if(!t);else if(!(t.secret||t.message||t.value));else if(\/[^a-zA-Z0-9]\/.test(t.secret));else{for(var r,s,a,i=d.querySelectorAll('iframe[data-secret=\"'+t.secret+'\"]'),n=d.querySelectorAll('blockquote[data-secret=\"'+t.secret+'\"]'),o=new RegExp(\"^https?:$\",\"i\"),l=0;l<n.length;l++)n[l].style.display=\"none\";for(l=0;l<i.length;l++)if(r=i[l],e.source!==r.contentWindow);else{if(r.removeAttribute(\"style\"),\"height\"===t.message){if(1e3<(s=parseInt(t.value,10)))s=1e3;else if(~~s<200)s=200;r.height=s}if(\"link\"===t.message)if(s=d.createElement(\"a\"),a=d.createElement(\"a\"),s.href=r.getAttribute(\"src\"),a.href=t.value,!o.test(a.protocol));else if(a.host===s.host)if(d.activeElement===r)c.top.location.href=t.value}}},e)c.addEventListener(\"message\",c.wp.receiveEmbedMessage,!1),d.addEventListener(\"DOMContentLoaded\",t,!1),c.addEventListener(\"load\",t,!1);function t(){if(o);else{o=!0;for(var e,t,r,s=-1!==navigator.appVersion.indexOf(\"MSIE 10\"),a=!!navigator.userAgent.match(\/Trident.*rv:11\\.\/),i=d.querySelectorAll(\"iframe.wp-embedded-content\"),n=0;n<i.length;n++){if(!(r=(t=i[n]).getAttribute(\"data-secret\")))r=Math.random().toString(36).substr(2,10),t.src+=\"#?secret=\"+r,t.setAttribute(\"data-secret\",r);if(s||a)(e=t.cloneNode(!0)).removeAttribute(\"security\"),t.parentNode.replaceChild(e,t);t.contentWindow.postMessage({message:\"ready\",secret:r},\"*\")}}}}(window,document);\n<\/script>\n","thumbnail_url":"https:\/\/www.notaoficial.com\/s\/wp-content\/uploads\/2019\/01\/unnamed96.jpg","thumbnail_width":1024,"thumbnail_height":683,"description":"La artista c\u00e1ntabra presenta otro de los temas de su quinto trabajo Lo he vuelto a hacer a trav\u00e9s de un video grabado en ac\u00fastico para Sesi\u00f3n de Micros Abiertos. El tema Pensando en azul es el tercer single de un \u00e1lbum que cuenta con las colaboraciones de Carlos Go\u00f1i y Andr\u00e9s Su\u00e1rez y al [&hellip;]"}

La artista cántabra presenta otro de los temas de su quinto trabajo Lo he vuelto a hacer a través de un video grabado en acústico para Sesión de Micros Abiertos. El tema Pensando en azul es el tercer single de un álbum que cuenta con las colaboraciones de Carlos Goñi y Andrés Suárez y al [&hellip;]
