{"version":"1.0","provider_name":"Nota Oficial","provider_url":"https:\/\/www.notaoficial.com\/s","author_name":"K","author_url":"https:\/\/www.notaoficial.com\/s\/author\/kalina\/","title":"Covi Quintana: una voz con identidad propia - Nota Oficial","type":"rich","width":600,"height":338,"html":"<blockquote class=\"wp-embedded-content\" data-secret=\"uwjRsoac8p\"><a href=\"https:\/\/www.notaoficial.com\/s\/2019\/02\/18\/covi-quintana-una-voz-con-identidad-propia\/\">Covi Quintana: una voz con identidad propia<\/a><\/blockquote><iframe sandbox=\"allow-scripts\" security=\"restricted\" src=\"https:\/\/www.notaoficial.com\/s\/2019\/02\/18\/covi-quintana-una-voz-con-identidad-propia\/embed\/#?secret=uwjRsoac8p\" width=\"600\" height=\"338\" title=\"\u00abCovi Quintana: una voz con identidad propia\u00bb \u2014 Nota Oficial\" data-secret=\"uwjRsoac8p\" frameborder=\"0\" marginwidth=\"0\" marginheight=\"0\" scrolling=\"no\" class=\"wp-embedded-content\"><\/iframe><script type=\"text\/javascript\">\n\/*! This file is auto-generated *\/\n!function(c,d){\"use strict\";var e=!1,o=!1;if(d.querySelector)if(c.addEventListener)e=!0;if(c.wp=c.wp||{},c.wp.receiveEmbedMessage);else if(c.wp.receiveEmbedMessage=function(e){var t=e.data;if(!t);else if(!(t.secret||t.message||t.value));else if(\/[^a-zA-Z0-9]\/.test(t.secret));else{for(var r,s,a,i=d.querySelectorAll('iframe[data-secret=\"'+t.secret+'\"]'),n=d.querySelectorAll('blockquote[data-secret=\"'+t.secret+'\"]'),o=new RegExp(\"^https?:$\",\"i\"),l=0;l<n.length;l++)n[l].style.display=\"none\";for(l=0;l<i.length;l++)if(r=i[l],e.source!==r.contentWindow);else{if(r.removeAttribute(\"style\"),\"height\"===t.message){if(1e3<(s=parseInt(t.value,10)))s=1e3;else if(~~s<200)s=200;r.height=s}if(\"link\"===t.message)if(s=d.createElement(\"a\"),a=d.createElement(\"a\"),s.href=r.getAttribute(\"src\"),a.href=t.value,!o.test(a.protocol));else if(a.host===s.host)if(d.activeElement===r)c.top.location.href=t.value}}},e)c.addEventListener(\"message\",c.wp.receiveEmbedMessage,!1),d.addEventListener(\"DOMContentLoaded\",t,!1),c.addEventListener(\"load\",t,!1);function t(){if(o);else{o=!0;for(var e,t,r,s=-1!==navigator.appVersion.indexOf(\"MSIE 10\"),a=!!navigator.userAgent.match(\/Trident.*rv:11\\.\/),i=d.querySelectorAll(\"iframe.wp-embedded-content\"),n=0;n<i.length;n++){if(!(r=(t=i[n]).getAttribute(\"data-secret\")))r=Math.random().toString(36).substr(2,10),t.src+=\"#?secret=\"+r,t.setAttribute(\"data-secret\",r);if(s||a)(e=t.cloneNode(!0)).removeAttribute(\"security\"),t.parentNode.replaceChild(e,t);t.contentWindow.postMessage({message:\"ready\",secret:r},\"*\")}}}}(window,document);\n<\/script>\n","thumbnail_url":"https:\/\/www.notaoficial.com\/s\/wp-content\/uploads\/2019\/02\/asdasdasd.jpg","thumbnail_width":1180,"thumbnail_height":786,"description":"Covi Quintana ha sido se\u00f1alada como una de las voces m\u00e1s aut\u00e9nticas de la Rep\u00fablica Dominicana, no solo por su propuesta musical, sino tambi\u00e9n por las letras de sus canciones. Sus reconocidas letras la han situado merecedora, por cuarto a\u00f1o consecutivo, de la nominaci\u00f3n en la categor\u00eda de \u201cCompositor y\/o Autor de Letras\u201d para los [&hellip;]"}

Covi Quintana ha sido señalada como una de las voces más auténticas de la República Dominicana, no solo por su propuesta musical, sino también por las letras de sus canciones. Sus reconocidas letras la han situado merecedora, por cuarto año consecutivo, de la nominación en la categoría de “Compositor y/o Autor de Letras” para los [&hellip;]
