{"version":"1.0","provider_name":"Nota Oficial","provider_url":"https:\/\/www.notaoficial.com\/s","author_name":"K","author_url":"https:\/\/www.notaoficial.com\/s\/author\/kalina\/","title":"La Montserratina celebra el Mes de la Parrilla - Nota Oficial","type":"rich","width":600,"height":338,"html":"<blockquote class=\"wp-embedded-content\" data-secret=\"nWaEpmy97v\"><a href=\"https:\/\/www.notaoficial.com\/s\/2020\/07\/23\/la-montserratina-celebra-el-mes-de-la-parrilla\/\">La Montserratina celebra el Mes de la Parrilla<\/a><\/blockquote><iframe sandbox=\"allow-scripts\" security=\"restricted\" src=\"https:\/\/www.notaoficial.com\/s\/2020\/07\/23\/la-montserratina-celebra-el-mes-de-la-parrilla\/embed\/#?secret=nWaEpmy97v\" width=\"600\" height=\"338\" title=\"\u00abLa Montserratina celebra el Mes de la Parrilla\u00bb \u2014 Nota Oficial\" data-secret=\"nWaEpmy97v\" frameborder=\"0\" marginwidth=\"0\" marginheight=\"0\" scrolling=\"no\" class=\"wp-embedded-content\"><\/iframe><script type=\"text\/javascript\">\n\/*! This file is auto-generated *\/\n!function(c,d){\"use strict\";var e=!1,o=!1;if(d.querySelector)if(c.addEventListener)e=!0;if(c.wp=c.wp||{},c.wp.receiveEmbedMessage);else if(c.wp.receiveEmbedMessage=function(e){var t=e.data;if(!t);else if(!(t.secret||t.message||t.value));else if(\/[^a-zA-Z0-9]\/.test(t.secret));else{for(var r,s,a,i=d.querySelectorAll('iframe[data-secret=\"'+t.secret+'\"]'),n=d.querySelectorAll('blockquote[data-secret=\"'+t.secret+'\"]'),o=new RegExp(\"^https?:$\",\"i\"),l=0;l<n.length;l++)n[l].style.display=\"none\";for(l=0;l<i.length;l++)if(r=i[l],e.source!==r.contentWindow);else{if(r.removeAttribute(\"style\"),\"height\"===t.message){if(1e3<(s=parseInt(t.value,10)))s=1e3;else if(~~s<200)s=200;r.height=s}if(\"link\"===t.message)if(s=d.createElement(\"a\"),a=d.createElement(\"a\"),s.href=r.getAttribute(\"src\"),a.href=t.value,!o.test(a.protocol));else if(a.host===s.host)if(d.activeElement===r)c.top.location.href=t.value}}},e)c.addEventListener(\"message\",c.wp.receiveEmbedMessage,!1),d.addEventListener(\"DOMContentLoaded\",t,!1),c.addEventListener(\"load\",t,!1);function t(){if(o);else{o=!0;for(var e,t,r,s=-1!==navigator.appVersion.indexOf(\"MSIE 10\"),a=!!navigator.userAgent.match(\/Trident.*rv:11\\.\/),i=d.querySelectorAll(\"iframe.wp-embedded-content\"),n=0;n<i.length;n++){if(!(r=(t=i[n]).getAttribute(\"data-secret\")))r=Math.random().toString(36).substr(2,10),t.src+=\"#?secret=\"+r,t.setAttribute(\"data-secret\",r);if(s||a)(e=t.cloneNode(!0)).removeAttribute(\"security\"),t.parentNode.replaceChild(e,t);t.contentWindow.postMessage({message:\"ready\",secret:r},\"*\")}}}}(window,document);\n<\/script>\n","thumbnail_url":"https:\/\/www.notaoficial.com\/s\/wp-content\/uploads\/2020\/07\/Parrilla-La-Montserratina.jpg","thumbnail_width":800,"thumbnail_height":445,"description":"Fiel a la innovaci\u00f3n y versatilidad que ha demostrado a lo largo de sus m\u00e1s de 70 a\u00f1os en el mercado venezolano, La Montserratina se prepara para celebrar, como ya es costumbre por esta fecha, \u00a0el mes de la parrilla. Talleres parrilleros, concursos a trav\u00e9s de sus redes sociales y una gran celebraci\u00f3n especial que [&hellip;]"}

Fiel a la innovación y versatilidad que ha demostrado a lo largo de sus más de 70 años en el mercado venezolano, La Montserratina se prepara para celebrar, como ya es costumbre por esta fecha,  el mes de la parrilla. Talleres parrilleros, concursos a través de sus redes sociales y una gran celebración especial que [&hellip;]
